271
What are the prime factors of 19289?
19289
List the prime factors of 2606.
2, 1303
What are the prime factors of 98929?
98929
List the prime factors of 16360.
2, 5, 409
What are the prime factors of 2780?
2, 5, 139
What are the prime factors of 54963?
3, 31, 197
List the prime factors of 26327.
7, 3761
What are the prime factors of 156819?
3, 13, 4021
What are the prime factors of 53219?
19, 2801
What are the prime factors of 50832?
2, 3, 353
List the prime factors of 7718.
2, 17, 227
What are the prime factors of 16941?
3, 5647
List the prime factors of 1642.
2, 821
List the prime factors of 60758.
2, 17, 1787
List the prime factors of 4501.
7, 643
What are the prime factors of 626?
2, 313
What are the prime factors of 40790?
2, 5, 4079
What are the prime factors of 31458?
2, 3, 7, 107
List the prime factors of 1391.
13, 107
List the prime factors of 55904.
2, 1747
What are the prime factors of 1066?
2, 13, 41
List the prime factors of 1508.
2, 13, 29
What are the prime factors of 2131?
2131
List the prime factors of 23555.
5, 7, 673
What are the prime factors of 3876?
2, 3, 17, 19
List the prime factors of 33314.
2, 16657
What are the prime factors of 12802?
2, 37, 173
List the prime factors of 2659.
2659
What are the prime factors of 458?
2, 229
List the prime factors of 29463.
3, 7, 23, 61
What are the prime factors of 39824?
2, 19, 131
What are the prime factors of 5077?
5077
What are the prime factors of 40118?
2, 13, 1543
List the prime factors of 16301.
16301
What are the prime factors of 630?
2, 3, 5, 7
List the prime factors of 26886.
2, 3, 4481
What are the prime factors of 89373?
3, 31
What are the prime factors of 808?
2, 101
List the prime factors of 17265.
3, 5, 1151
List the prime factors of 118376.
2, 14797
List the prime factors of 46509.
3, 37, 419
List the prime factors of 38355.
3, 5, 2557
What are the prime factors of 4358?
2, 2179
List the prime factors of 1180.
2, 5, 59
What are the prime factors of 1012?
2, 11, 23
What are the prime factors of 12426?
2, 3, 19, 109
List the prime factors of 1558.
2, 19, 41
What are the prime factors of 42312?
2, 3, 41, 43
List the prime factors of 4295.
5, 859
List the prime factors of 1274.
2, 7, 13
List the prime factors of 85619.
85619
What are the prime factors of 69866?
2, 181, 193
List the prime factors of 52492.
2, 11, 1193
What are the prime factors of 57871?
11, 5261
What are the prime factors of 2742?
2, 3, 457
List the prime factors of 135856.
2, 7, 1213
List the prime factors of 1732.
2, 433
What are the prime factors of 5111?
19, 269
What are the prime factors of 1358?
2, 7, 97
List the prime factors of 2278.
2, 17, 67
What are the prime factors of 9148?
2, 2287
What are the prime factors of 18219?
3, 6073
List the prime factors of 612.
2, 3, 17
What are the prime factors of 8964?
2, 3, 83
What are the prime factors of 42721?
7, 17, 359
List the prime factors of 2836.
2, 709
List the prime factors of 758.
2, 379
List the prime factors of 32199.
3, 10733
List the prime factors of 4182.
2, 3, 17, 41
What are the prime factors of 67531?
67531
What are the prime factors of 2454?
2, 3, 409
List the prime factors of 3671.
3671
What are the prime factors of 7971?
3, 2657
List the prime factors of 3879.
3, 431
What are the prime factors of 29731?
13, 2287
What are the prime factors of 579?
3, 193
What are the prime factors of 11517?
3, 11, 349
List the prime factors of 11078.
2, 29, 191
What are the prime factors of 1047?
3, 349
What are the prime factors of 67357?
193, 349
List the prime factors of 6221.
6221
What are the prime factors of 91795?
5, 11, 1669
List the prime factors of 144365.
5, 13, 2221
What are the prime factors of 38913?
3, 7, 17, 109
What are the prime factors of 52071?
3, 17, 1021
List the prime factors of 55098.
2, 3, 3061
List the prime factors of 79251.
3, 26417
List the prime factors of 12847.
29, 443
List the prime factors of 11748.
2, 3, 11, 89
What are the prime factors of 33727?
29, 1163
What are the prime factors of 2676?
2, 3, 223
List the prime factors of 32623.
17, 19, 101
List the prime factors of 7480.
2, 5, 11, 17
What are the prime factors of 1301?
1301
List the prime factors of 30708.
2, 3, 853
What are the prime factors of 58870?
2, 5, 7, 29
What are the prime factors of 611?
13, 47
List the prime factors of 5589.
3, 23
List the prime factors of 3646.
2, 1823
What are the prime factors of 85815?
3, 5, 1907
List the prime factors of 13574.
2, 11, 617
List the prime factors of 1190.
2, 5, 7, 17
What are the prime factors of 33006?
2, 3, 5501
List the prime factors of 172423.
172423
What are the prime factors of 5626?
2, 29, 97
What are the prime factors of 45050?
2, 5, 17, 53
What are the prime factors of 51?
3, 17
What are the prime factors of 857?
857
List the prime factors of 24977.
24977
List the prime factors of 11714.
2, 5857
List the prime factors of 17913.
3, 7, 853
List the prime factors of 24782.
2, 12391
What are the prime factors of 18142?
2, 47, 193
What are the prime factors of 23180?
2, 5, 19, 61
List the prime factors of 73243.
73243
What are the prime factors of 8061?
3, 2687
What are the prime factors of 18684?
2, 3, 173
What are the prime factors of 165273?
3, 89, 619
What are the prime factors of 45456?
2, 3, 947
What are the prime factors of 902?
2, 11, 41
List the prime factors of 67211.
67211
What are the prime factors of 28765?
5, 11, 523
What are the prime factors of 7792?
2, 487
What are the prime factors of 1205?
5, 241
List the prime factors of 2667.
3, 7, 127
List the prime factors of 59000.
2, 5, 59
List the prime factors of 2227.
17, 131
List the prime factors of 8204.
2, 7, 293
List the prime factors of 632.
2, 79
What are the prime factors of 19312?
2, 17, 71
What are the prime factors of 2552?
2, 11, 29
What are the prime factors of 158530?
2, 5, 83, 191
What are the prime factors of 23000?
2, 5, 23
List the prime factors of 9072.
2, 3, 7
What are the prime factors of 13804?
2, 7, 17, 29
What are the prime factors of 3160?
2, 5, 79
List the prime factors of 10372.
2, 2593
List the prime factors of 186.
2, 3, 31
What are the prime factors of 627?
3, 11, 19
List the prime factors of 12140.
2, 5, 607
What are the prime factors of 3749?
23, 163
List the prime factors of 9225.
3, 5, 41
List the prime factors of 6843.
3, 2281
List the prime factors of 29408.
2, 919
List the prime factors of 2646.
2, 3, 7
List the prime factors of 481.
13, 37
What are the prime factors of 580?
2, 5, 29
List the prime factors of 3543.
3, 1181
What are the prime factors of 1277?
1277
List the prime factors of 273.
3, 7, 13
List the prime factors of 11517.
3, 11, 349
List the prime factors of 990.
2, 3, 5, 11
List the prime factors of 19331.
13, 1487
List the prime factors of 10283.
7, 13, 113
List the prime factors of 1569.
3, 523
List the prime factors of 1677.
3, 13, 43
List the prime factors of 1240.
2, 5, 31
List the prime factors of 9188.
2, 2297
List the prime factors of 62.
2, 31
What are the prime factors of 660?
2, 3, 5, 11
List the prime factors of 3063.
3, 1021
What are the prime factors of 18110?
2, 5, 1811
What are the prime factors of 1181?
1181
List the prime factors of 10334.
2, 5167
List the prime factors of 7429.
17, 19, 23
List the prime factors of 111.
3, 37
What are the prime factors of 52?
2, 13
What are the prime factors of 4445?
5, 7, 127
List the prime factors of 3214.
2, 1607
What are the prime factors of 1226?
2, 613
List the prime factors of 3633.
3, 7, 173
List the prime factors of 7390.
2, 5, 739
What are the prime factors of 2263?
31, 73
List the prime factors of 4263.
3, 7, 29
List the prime factors of 1147.
31, 37
What are the prime factors of 49?
7
List the prime factors of 362.
2, 181
List the prime factors of 3264.
2, 3, 17
List the prime factors of 13654.
2, 6827
List the prime factors of 2215.
5, 443
What are the prime factors of 3356?
2, 839
List the prime factors of 75096.
2, 3, 7, 149
What are the prime factors of 1539?
3, 19
What are the prime factors of 1188?
2, 3, 11
List the prime factors of 5434.
2, 11, 13, 19
List the prime factors of 1872.
2, 3, 13
What are the prime factors of 146231?
349, 419
What are the prime factors of 4968?
2, 3, 23
What are the prime factors of 72045?
3, 5, 